st common factor of a and s.
21
Suppose 0 = -10*p + 118 + 282. Calculate the greatest common divisor of p and 20.
20
Let l(h) = 119*h - 6. Let c be l(2). Calculate the greatest common factor of 8 and c.
8
Suppose -461 = -10*q + 269. Calculate the greatest common divisor of q and 292.
73
Let p(c) be the third derivative of -c**5/60 - 19*c**4/24 + 17*c**3/3 - 12*c**2. Let f be p(-20). Calculate the highest common factor of f and 56.
14
Let j be ((-238)/(-14) + -18)*-1*7. What is the highest common divisor of 35 and j?
7
Let x(v) = -65*v - 1. Let p be x(-1). Let c be (-9)/(-6) + (-58)/(-4). What is the greatest common divisor of c and p?
16
Let t = -8 + -7. Let v = 20 + t. Suppose -x + v*q + 5 = 0, 2*x + 0*x - 35 = 5*q. Calculate the highest common factor of x and 330.
30
Let z(t) = 8*t - 16. Let v(b) = b - 1. Suppose 0 = 2*c - c + 1. Let h(s) = c*z(s) + 12*v(s). Let l be h(3). What is the highest common divisor of l and 2?
2
Let d = -94 + 41. Let j = d + 63. Suppose -t = t - 10. What is the greatest common factor of j and t?
5
Let h(w) = -31*w + 347. Let j be h(-17). Calculate the highest common factor of 92 and j.
46
Let n be 140/245 + (-20)/(-14) + 62. Calculate the highest common divisor of 1856 and n.
64
Let d(f) = f**2 - 9*f - 10. Let t be d(9). Let q = t + 15. Let s be 0 - 35*(-2 + 1). Calculate the highest common factor of s and q.
5
Let v be 6/(-10) + 1298/55 + -16. Calculate the highest common factor of v and 210.
7
Suppose -20*o + 4867 = -10093. What is the highest common factor of 204 and o?
68
Suppose 17*a + 5 = 18*a. Calculate the greatest common factor of 135 and a.
5
Let r be 17/((-9)/10 - -1). Suppose 1703 + 227 + 654 = 38*w. What is the greatest common divisor of w and r?
34
Let q be -1 - -2*(-10)/(-4). Suppose -5*c = -35, 8*i - 66 = 7*i - 2*c. Calculate the highest common factor of i and q.
4
Let o be (-6)/(-24) - 327/12. Let c = 69 + o. Suppose 5*k - 14 = 16. Calculate the greatest common factor of c and k.
6
Let b(w) = 3*w + 574. Let q be b(-42). What is the greatest common divisor of q and 16?
16
Suppose 0 = -2*l + 9 + 23. Let o = -14 + l. Suppose -4*w = 3*n + n - 108, 4*w - 60 = -o*n. Calculate the highest common divisor of n and 16.
8
Let w(a) = 0 - 1 - 69*a - 9*a. Let t be w(-2). Suppose 0 = -4*x - x + t. What is the highest common divisor of 155 and x?
31
Suppose -25*m = -58 - 492. What is the highest common divisor of 341 and m?
11
Suppose 0 = -4*x + 9*x + 345. Let w = 77 + x. Calculate the greatest common divisor of w and 64.
8
Let i(p) = 14*p**2 - 6*p - 30. Let c be i(-6). Calculate the highest common factor of 306 and c.
102
Let z(u) = 20*u - 2. Let f be z(2). Let i = 45 + -39. Suppose 5*v - 93 = n, 3*n = v + i - 19. Calculate the highest common factor of v and f.
19
Suppose -2*i + 250 = 2*f, -19*i + 605 = -14*i - 5*f. What is the highest common factor of 24 and i?
3
Let l be 2/((1 - 4)*2)*-438. Suppose 3*p = -4*a + l, -3*p = -a + 3*a - 154. What is the greatest common factor of 162 and p?
54
Suppose 0*g - 96 = 6*g. Let j = 24 + g. Calculate the highest common factor of 2 and j.
2
Suppose 783 = 34*r - 7*r. Calculate the greatest common divisor of r and 667.
29
Let y(n) = n**2. Let j be y(-2). Suppose 3*k = 3*s - 2*s + 7, 1 = -k - 3*s. Calculate the highest common divisor of k and j.
2
Suppose -2 = -u + 1. Suppose 3*i = 5*m - 16, 2*m - 15 + u = 4*i. Let v be (-3)/m*646/(-51). What is the greatest common factor of v and 57?
19
Let m(l) = -2*l - 8. Let d be m(-5). Let h be 3/6*d - -251. What is the highest common divisor of h and 28?
28
Let x(p) = p**3 - 37*p**2 + 24*p + 585. Let b be x(36). What is the highest common divisor of b and 323?
17
Let n = 32 - 27. Suppose n*h + 8*h = 2860. What is the highest common divisor of h and 88?
44
Let i(m) = -3*m**2 + 26*m - 30*m + m**3 + 1 - m**2. Let q be i(4). Let o = q - -28. What is the greatest common divisor of o and 52?
13
Suppose 10*g + 2*g - 4560 = 0. What is the greatest common factor of g and 152?
76
Suppose -9*u - 27*u - 16*u = -520. Let y be (-60)/9*-3*1. Calculate the highest common factor of u and y.
10
Let x = 34 + -33. Let j(i) = -i**3 - 2*i**2 + 1. Let u be j(x). Let v be 9 - (-3)/u*-2. Calculate the highest common divisor of v and 30.
6
Let u(d) = -d - 23. Let r be u(-25). Suppose -4*o = x - 179, r*o + 2*x = o + 43. Calculate the greatest common divisor of o and 9.
9
Suppose 19*z = 11*z + 464. What is the greatest common factor of z and 145?
29
Let l = -19 - -30. Let q = -1 + 78. What is the greatest common divisor of l and q?
11
Let d be (306/(-4))/((-17)/(-34)) + 2. Let l = -117 - d. What is the highest common factor of 102 and l?
34
Let d be (-2)/(-3) - (-242)/6. Let u = 1049 - 762. Calculate the greatest common factor of d and u.
41
Let r = -1338 + 1349. Calculate the greatest common divisor of 1353 and r.
11
Let c = -403 + 478. What is the highest common factor of c and 50?
25
Let z = -4 + 10. Suppose -30 = -2*s + z. Let o(v) = -v**3 + 4*v**2 + 6*v + 7. Let y be o(5). Calculate the highest common divisor of y and s.
6
Suppose -58 - 26 = -4*w. Let d = -2680 + 2848. What is the highest common factor of w and d?
21
Suppose 130*s = 146*s - 96. Let f(o) be the second derivative of -o**4/12 + 3*o**2/2 + o. Let t be f(0). What is the greatest common factor of t and s?
3
Let o be 2/4*(7 - 1). Calculate the highest common divisor of o and 57.
3
Suppose -2*y = 3 - 39. Calculate the greatest common divisor of 48 and y.
6
Suppose i = -5*w + 562, -3*w + 4*i = 3*i - 334. Calculate the greatest common divisor of 14 and w.
14
Suppose o - 4*f - 39 - 110 = 0, 0 = -2*o - f + 289. What is the greatest common divisor of 5 and o?
5
Let v(y) = -4*y + 65. Let t be v(0). Calculate the greatest common divisor of t and 325.
65
Let a(z) = 214*z + 72. Let l be a(1). What is the highest common factor of 104 and l?
26
Let b be 722/9 + 14/(-63). Suppose -y - y + b = -4*t, t = -4*y + 115. Calculate the highest common divisor of y and 10.
10
Suppose -7*o = -5*o - 4. Suppose -l - 14 - 12 = -p, -l - 50 = -o*p. Calculate the highest common factor of 96 and p.
24
Let v(b) = -6*b + 3. Let k be v(-5). Let h be (-6)/k + (1266/(-33))/(-2). Calculate the highest common factor of 152 and h.
19
Let f(d) = -d + 60. Let h be f(-8). Calculate the greatest common divisor of h and 102.
34
Let n be 6*-6*5/(-3). Suppose 3*p = -w + 5 + 8, p = 2*w + 9. Suppose -p*c - 4*v = -216, v - 33 = -5*c + 171. What is the greatest common factor of n and c?
20
Let r(i) be the second derivative of -i**5/10 - i**4/6 - i**3/3 - 2*i**2 - 5*i. Let j be r(-2). What is the greatest common divisor of 40 and j?
8
Let n = -538 - -601. Calculate the greatest common factor of n and 315.
63
Let r(x) = -x**2 - 15*x - 34. Let v be r(-10). Let s be 66 + -1 + 0 + -1. Calculate the greatest common factor of s and v.
16
Let q(w) = -3*w - 3. Let a be q(-5). Let v = 92 - 92. Let r be ((-238)/(-4) - 6/(-12)) + v. Calculate the highest common divisor of a and r.
12
Let c(b) be the third derivative of -3*b**4/8 - 5*b**3/6 - 102*b**2. Suppose k - 2*k = 2. Let f be c(k). Calculate the greatest common divisor of 143 and f.
13
Let x(d) = -d**3 - 3*d**2 - 5*d - 13. Let r be x(-4). What is the greatest common factor of 161 and r?
23
Let c(z) = -40*z + 3. Let p be c(-7). Let h = 465 - p. Let v = h - 127. Calculate the highest common divisor of 11 and v.
11
Let g = 139 - -45. What is the greatest common divisor of g and 23?
23
Let t(v) = v + 44. Let i be t(-9). Calculate the greatest common divisor of i and 14.
7
Let p = 1086 + -371. What is the highest common divisor of p and 65?
65
Let t = 18 + 9. Let c(s) = -t*s**2 + 3*s**2 + 39*s**2 - s + 145*s**2. Let w be c(-1). Calculate the highest common divisor of w and 23.
23
Let t(d) = -5*d - 33. Let c(a) = -a. Let q(z) = 4*c(z) - t(z). Let s be q(-8). What is the greatest common factor of s and 100?
25
Suppose 0 = 5*m - 345 + 75. Let n be (-11 - -5)/(2/(-12)). Calculate the greatest common factor of n and m.
18
Let o(v) = -92*v. Let s be o(-1). Let q = -2 + s. Calculate the highest common factor of 18 and q.
18
Let a(l) = -11 + 12 + 17 + 16*l**2 - l**3. Let v be a(16). Calculate the greatest common divisor of v and 18.
18
Let u be 132/(-165) - 4/(-5). Let j be ((-1)/(-1))/(-1) + 7. Suppose -3*d + j*d - 